6047 and 46.
23
What is the highest common divisor of 1716 and 324?
12
What is the greatest common divisor of 158452 and 56?
28
Calculate the highest common factor of 3235400 and 200.
200
What is the greatest common factor of 319368 and 504?
168
What is the highest common divisor of 9112 and 34272?
136
What is the highest common factor of 189 and 24777?
9
Calculate the greatest common divisor of 1994 and 132.
2
Calculate the highest common factor of 22598579 and 1481.
1481
What is the greatest common factor of 88 and 80840?
8
What is the highest common factor of 69692 and 8253?
917
What is the highest common factor of 201533 and 570?
19
Calculate the highest common divisor of 413 and 497.
7
What is the greatest common divisor of 509471 and 79?
79
What is the greatest common factor of 168652 and 748?
44
Calculate the highest common divisor of 18 and 853542.
18
Calculate the greatest common divisor of 166930 and 100.
10
What is the greatest common factor of 259 and 4517737?
259
Calculate the highest common divisor of 2573 and 341.
31
Calculate the greatest common divisor of 78 and 19617.
39
Calculate the highest common divisor of 814 and 25678.
74
What is the greatest common factor of 369 and 20049?
123
What is the highest common factor of 18 and 1545804?
18
Calculate the greatest common factor of 988 and 676.
52
What is the highest common factor of 316 and 51350?
158
What is the greatest common factor of 4712 and 48?
8
What is the greatest common factor of 177 and 1033503?
177
Calculate the greatest common divisor of 248292 and 72468.
1188
Calculate the greatest common divisor of 24730846 and 1162.
1162
Calculate the highest common divisor of 498 and 14058042.
498
Calculate the greatest common factor of 4032 and 67648.
448
What is the highest common divisor of 1116589 and 181?
181
What is the highest common factor of 1080327 and 3285?
219
What is the greatest common divisor of 38906 and 119894?
794
What is the greatest common divisor of 25915 and 2769?
71
Calculate the highest common factor of 364148 and 472.
236
What is the greatest common divisor of 2112 and 36872?
88
What is the greatest common factor of 32 and 254176?
32
Calculate the highest common factor of 3770 and 8385.
65
What is the greatest common factor of 143208 and 16200?
648
What is the highest common divisor of 14220 and 180?
180
Calculate the highest common factor of 96743 and 623.
89
Calculate the greatest common divisor of 77321 and 46763.
463
What is the highest common factor of 58630 and 3146?
286
Calculate the highest common factor of 390 and 20.
10
What is the greatest common divisor of 7848 and 7248?
24
What is the greatest common factor of 351 and 219?
3
What is the greatest common divisor of 58653 and 1026?
171
Calculate the highest common factor of 21006 and 54.
54
What is the highest common factor of 154 and 14850?
22
Calculate the highest common divisor of 307712 and 10818.
1202
What is the highest common divisor of 5975 and 100?
25
What is the highest common divisor of 118345 and 5?
5
Calculate the highest common factor of 490 and 7497.
49
What is the highest common factor of 177871 and 17?
17
Calculate the highest common factor of 728280 and 14.
14
Calculate the highest common divisor of 363 and 49489.
121
What is the highest common divisor of 2668 and 31648?
92
Calculate the greatest common divisor of 293922 and 54.
54
What is the greatest common divisor of 2183 and 143252?
59
What is the greatest common divisor of 77143 and 11?
11
Calculate the greatest common factor of 360 and 629730.
90
What is the greatest common factor of 1794 and 5928?
78
Calculate the highest common divisor of 76 and 81206.
38
What is the highest common factor of 123756 and 66?
6
Calculate the highest common divisor of 155194 and 25051.
611
What is the greatest common factor of 1567692 and 252?
252
Calculate the greatest common factor of 455 and 97110.
65
Calculate the highest common factor of 15931 and 179.
179
What is the greatest common factor of 2033 and 19367?
107
Calculate the greatest common factor of 6642 and 30942.
162
Calculate the highest common divisor of 474891 and 177.
177
What is the greatest common divisor of 2057146 and 1651?
1651
Calculate the highest common divisor of 537 and 1419828.
537
Calculate the greatest common divisor of 136416 and 98.
98
Calculate the greatest common divisor of 236103 and 231.
21
Calculate the highest common factor of 34440 and 52080.
840
What is the greatest common divisor of 56 and 195076?
28
What is the greatest common factor of 4505 and 340?
85
What is the highest common factor of 194525 and 17825?
775
Calculate the greatest common factor of 252 and 947142.
126
Calculate the greatest common divisor of 1428 and 138264.
84
What is the greatest common factor of 211021 and 17?
17
What is the greatest common factor of 8 and 93030?
2
What is the highest common factor of 86764 and 1744?
436
Calculate the highest common divisor of 2492 and 1179339.
623
Calculate the greatest common divisor of 16 and 2060176.
16
What is the highest common factor of 1210 and 290?
10
What is the greatest common factor of 486 and 954?
18
What is the greatest common factor of 6576 and 1788?
12
What is the greatest common divisor of 52 and 1516?
4
What is the highest common factor of 304220 and 3772?
164
Calculate the greatest common factor of 12 and 8448084.
12
Calculate the highest common factor of 880 and 128700.
220
What is the greatest common divisor of 249198 and 492?
246
Calculate the highest common factor of 11725 and 2065.
35
Calculate the greatest common factor of 530 and 2731514.
106
What is the greatest common divisor of 315 and 7182?
63
What is the greatest common divisor of 16152 and 11016?
24
Calculate the greatest common divisor of 303428 and 93.
31
Calculate the greatest common factor of 253 and 88968.
11
Calculate the highest common divisor of 685 and 1054078.
137
What is the greatest common divisor of 78309 and 18018?
693
Calculate the greatest common divisor of 957 and 81983.
319
What is the highest common divisor of 116 and 174?
58
What is the greatest common divisor of 7935995 and 5?
5
Calculate the greatest common factor of 7 and 41993.
7
Calculate the greatest common factor of 102524 and 4118.
142
Calculate the greatest common divisor of 3364 and 290.
58
What is the greatest common divisor of 41008 and 32?
16
Calculate the highest common divisor of 884 and 3809.
13
Calculate the highest common factor of 13507 and 3471.
13
What is the greatest common divisor of 941136 and 1120?
112
What is the greatest common divisor of 49519 and 207?
23
Calculate the highest common factor of 248808 and 96.
24
What is the greatest common divisor of 337690 and 10?
10
What is the greatest common factor of 89572 and 5292?
196
What is the greatest common factor of 172 and 899818?
86
What is the greatest common factor of 94627 and 3016?
377
Calculate the greatest common factor of 194810 and 165.
55
What is the highest common divisor of 21755 and 20?
5
What is the greatest common divisor of 290 and 834446?
58
Calculate the greatest common factor of 53586 and 90.
18
What is the highest common factor of 6148 and 54272?
212
What is the highest common factor of 2541473 and 1798?
899
What is the greatest common divisor of 63283 and 11?
11
What is the highest common factor of 356 and 8099?
89
What is the highest common factor of 7760 and 1649?
97
Calculate the highest common divisor of 59415 and 135.
15
Calculate the highest common divisor of 170 and 369665.
85
What is the highest common factor of 34009 and 10721?
71
What is the highest common divisor of 3155 and 6515?
5
Calculate the greatest common factor of 4784 and 80912.
208
Calculate the highest common factor of 159049 and 3344.
209
Calculate the highest common factor of 42752 and 167.
167
Calculate the highest common divisor of 6 and 14577.
3
What is the highest common factor of 55716 and 34?
2
What is the highest common factor of 428040 and 16?
8
Calculate the highest common divisor of 333 and 3503826.
333
Calculate the highest common divisor of 688 and 5920.
16
What is the greatest common divisor of 180880 and 112?
112
Calculate the highest common divisor of 5937965 and 535.
535
What is the greatest common divisor